0 - -12). Let l(i) = z*y(i) + 4*o(i). Determine l(12).
3
Let b(q) be the first derivative of -3*q**2/2 - 2*q + 1. Let a = 143 + -145. Let n = a + 0. Determine b(n).
4
Let v = 7425 - 7435. Let q(j) = j**2 + 15*j + 69. Calculate q(v).
19
Let t = -552 - -432. Let y = 111 + t. Let n(v) = v**2 + 10*v + 13. Determine n(y).
4
Let m(l) = 10*l**2 - 43*l + 47. Let o(k) = -7*k**2 + 29*k - 32. Let t(g) = -5*m(g) - 7*o(g). Let i = -766 + 776. Determine t(i).
9
Let l(s) = 23*s. Suppose -861 = -8*v - 853. Calculate l(v).
23
Let t(u) be the third derivative of -u**6/120 + 37*u**5/60 - 11*u**4/8 - 50*u**3/3 + 818*u**2 - u + 4. Determine t(36).
8
Let w(s) = -39*s - 76. Let h be w(-2). Let q(p) = -253*p**h + 34 + 80*p**2 + 87*p**2 + 15*p + 85*p**2. Give q(17).
0
Suppose -5*r = -11*r + 1848. Let j = r - 323. Let n(m) = m + 2. Give n(j).
-13
Let z(a) = a**3 + 5*a**2 - 3*a - 7. Suppose 3*m + 52 = 4*n - m, n - 2*m = 15. Suppose -n*v - 55 = -0*v. Calculate z(v).
8
Let d be (-299)/(-52) + 1/4. Let t be 9/((-27)/d)*-1. Let r(v) = -1 + v**3 - 43*v**2 + 85*v**2 - 42*v**t. Give r(-1).
-2
Suppose -3*z - 4*l + 5 = 0, 4*z - 8*l = -4*l + 16. Let a(k) be the first derivative of -k**2 - 2637. Calculate a(z).
-6
Let a(l) = -12*l - 16. Let o(x) = 3*x + 4. Let c(s) = 2*a(s) + 9*o(s). Suppose 3*t + 17 = -5*h, 4*h + 11*t + 12 = 7*t. What is c(h)?
-8
Let l(o) be the second derivative of -1/12*o**4 + o**3 + 0 + 4*o**2 - 198*o. Give l(6).
8
Let g(h) = -5*h**2 - 10*h + 16. Let k be g(2). Let c(l) = 8*l + 197. Let z be c(k). Let i(p) = -p**2 + 9*p + 6. Determine i(z).
26
Let n be -2 + (-19)/(-1) - -4. Suppose -38*u = -n*u + 119. Let f(b) = 5*b + 7. Give f(u).
-28
Suppose -5*a = -6*a - 35. Let f = a - -38. Let c(k) = 0*k - k - 7 + f*k. What is c(5)?
3
Suppose 0 = -7*w - 2762 + 2699. Let u(f) = -f**2 - 5*f + 6. Determine u(w).
-30
Let a be (1/3)/(8/(-48)). Let m be -3*((1 - 2) + a). Let k(x) = 2*x - 21. Let y(r) = 3. Let q(o) = -k(o) - 3*y(o). Calculate q(m).
-6
Suppose 0 = 5*s + 5*h + 10, 0 = 2*s - 11*h + 12*h + 1. Let w(k) = -17*k**2 + 3*k - 1. Determine w(s).
-15
Let q(j) = -7*j**3 - 34*j**2 + 22*j + 7. Let f(g) = g**3 + 4*g**2 - g - 1. Let s = -15 - -20. Let v(w) = s*f(w) + q(w). What is v(-8)?
-6
Let k(h) = 12*h + 261. Let i(q) = -21*q - 540. Let w(x) = 2*i(x) + 5*k(x). Give w(-13).
-9
Let s(n) be the third derivative of -n**6/120 - n**5/15 + 13*n**4/24 - 11*n**3/6 - 3*n**2 - 2*n - 186. Determine s(-6).
-17
Let r(t) = 42 - 21*t + 57 - 134 + 53. What is r(1)?
-3
Let q(b) = 12*b**3 - 21*b + 9. Let y(m) = -m**3 + 3*m - 2. Let l(n) = q(n) + 6*y(n). Give l(-1).
-6
Suppose i = -3*d + 6, d - i + 0 - 2 = 0. Let p(k) = 183*k + k**d - 3 - 194*k + k**2. What is p(5)?
-8
Suppose -10 = -f - 4*f. Let a be 7 + f + 6/(-9)*3. Let o(i) = -4*i**2 + 3*i + 8. Let g(d) = -7*d**2 + 7*d + 15. Let v(r) = 3*g(r) - 5*o(r). Calculate v(a).
-2
Let c(p) = 64 + 24010*p**2 - 10*p - 47999*p**2 + 23988*p**2. Determine c(-15).
-11
Let d(i) = 24*i**3 + 45*i**2 - 12*i - 8. Let w(b) = 39*b**3 + 67*b**2 - 19*b - 12. Let u(s) = -8*d(s) + 5*w(s). What is u(8)?
-52
Let k be 6/1 + 6 + 11. Let y(f) = 6*f - 50 - f**2 + k + 22. Determine y(4).
3
Let x(t) = t**2 + 5*t + 3. Suppose a - 3*u = -6 + 36, 0 = 4*a - 5*u - 106. Let g be (30/a)/(2/8). Suppose -35 + 20 = g*f. Give x(f).
-3
Let x be (2*(-6 - -5))/(4/(-34)). Let o(l) = 4*l**2 + x - l**3 + 2*l - 6 - 13 + 0*l**3 + 3*l**3. Calculate o(-2).
-6
Suppose 0 = -y + z - 6, 2*y - 74*z + 32 = -76*z. Let s(t) = -1 - 12*t - t**2 + t + 5. Give s(y).
4
Let v(f) = 5*f - 51 - 2*f + 22 - 12 + 4*f. Give v(4).
-13
Let p be ((-2574)/(-585))/((-2)/(-15)). Let a(k) = k**2 - 34*k + 28. Calculate a(p).
-5
Let t(y) = 5*y - 55. Let m be t(-12). Let f = m + 109. Let s(d) = 2*d**2 + 6*d - 8. What is s(f)?
28
Let p(b) = -b**2 + 121*b - 7. Let g(v) = v**2 - 141*v + 8. Let j(s) = 6*g(s) + 7*p(s). Calculate j(0).
-1
Let n(d) = -672*d - 10 + 343*d + 11 + 4*d**2 + d**3 + 333*d. Calculate n(-1).
0
Let u be (-1 + 2)*1*(4 - 4). Suppose u*s + 13*s - 130 = 0. Let v(x) be the third derivative of -x**5/60 + 3*x**4/8 + 2*x**3/3 + x**2. What is v(s)?
-6
Let b(l) = l**3 + 7*l**2 - 2*l - 9. Let g(q) = 2*q**3 - 5*q**2 - 4*q + 3. Let v be g(4). Let c = v - -20. Let t = -62 + c. Calculate b(t).
5
Let p be (-12)/(-4) - (1 + -13). Let q(x) = 0 - 7*x - x**2 + 36*x - 2 - 10*x - 4*x. What is q(p)?
-2
Let p(n) be the third derivative of -n**5/30 - 11*n**4/24 + n**3/6 - 28*n**2 + 11. What is p(-8)?
-39
Let j(p) be the third derivative of -311*p**2 + 0 + 0*p - 1/60*p**5 + 1/3*p**3 - 1/4*p**4. Calculate j(-7).
-5
Let d(r) = -11 - r - 17 - 1 + 4. Let z = 90 + -110. What is d(z)?
-5
Let w(h) be the first derivative of 2*h**3/3 - 11*h**2 + 11*h + 2280. Determine w(11).
11
Let r(h) be the third derivative of -h**5/20 - 5*h**4/12 - h**3/2 + 172*h**2 + 3. Give r(-2).
5
Suppose 8*y = 10*y - 10. Suppose 2 = n + 5*p - 22, 0 = -5*p + y. Suppose -5*c = n + 16. Let q(i) = i + 9. What is q(c)?
2
Let w be ((-1)/2)/(7/14) - -1. Let n(g) = w - 7 - 8*g + 5*g. Determine n(-6).
11
Suppose -5*n - d - 3*d = -57, 0 = -n - 4*d + 21. Suppose -75 = -8*h + 141. Let z be ((h/(-6))/n)/((-2)/(-8)). Let f(g) = -5*g - 2. Give f(z).
8
Let u(y) = 7*y**2 - 10*y + 25. Let k(q) = -60*q**2 + 79*q - 199. Let t(n) = 2*k(n) + 17*u(n). Determine t(-17).
-58
Let j(c) be the first derivative of 8*c**2 + 7/24*c**4 + 0*c + 1/60*c**5 - 19 + 1/2*c**3. Let a(o) be the second derivative of j(o). Determine a(-5).
-7
Suppose -3*r + 3*u + 6 = -0*u, 4*r = 2*u + 8. Let m(d) be the second derivative of -d**3/6 + d**2 + 46*d. What is m(r)?
0
Let p(k) = k**3 - 9*k**2 - 5*k + 31. Let y(t) = 2*t**3 + 32*t**2 + 31*t + 24. Let h be y(-15). Calculate p(h).
-14
Suppose -6*c + 57 - 21 = 0. Suppose -5*g - 8 = 2*a, -3*g = 4*a - g - 16. Let r(n) = -8 + a - 4*n + n**2 + 8. Give r(c).
18
Let p be (-185)/1036*14 - (-2)/((-8)/6). Let i(v) = 2*v + 5. Let u(l) = 5*l + 9. Let a(s) = 5*i(s) - 3*u(s). Determine a(p).
18
Let n(m) = -325*m - 16. Let f be n(0). Let k(s) = s**3 + 16*s**2 - s - 38. Give k(f).
-22
Let t(g) = -83*g**3 + 10*g**3 - 33 - 78*g + 43*g**2 + 4*g**2 - 10*g**2 + 74*g**3. Determine t(-39).
-33
Let q(a) = a - 13. Let s(d) = -2*d + 31. Let i be s(13). Suppose -i*f + 2 = -13. Suppose f*n - 1 = -1. Determine q(n).
-13
Let i(v) be the third derivative of -v**6/360 + v**5/120 + v**4/6 + 155*v**3/6 - 2*v**2 - 34. Let k(f) be the first derivative of i(f). Calculate k(-2).
-2
Let o(w) = w**3 + w**2 - 3*w - 4. Let i be o(0). Let k(x) = 19*x**3 + 16*x**2 + 3*x - 5. Let j(b) = 3*b**3 + 2*b**2 + b. Let f(c) = 6*j(c) - k(c). Give f(i).
-7
Let s(i) = i**3 + 7*i**2 - i - 21. Let o be s(-2). Let q(t) = 70*t**2 - 2*t + 1. Calculate q(o).
69
Let y(l) be the third derivative of -l**8/20160 + l**7/1260 + l**6/45 + 289*l**5/60 + 3*l**2 - 52*l. Let a(s) be the third derivative of y(s). Calculate a(8).
-16
Let a(c) be the first derivative of c**4/4 - 4*c**3/3 - c**2/2 + 6*c - 1559. Determine a(5).
26
Let a(d) = 19*d**2 - 2*d - 11. Let l(t) = -20*t**2 + 2*t + 9. Let k be (12/(-15))/((-13)/65)*1. Let n(r) = k*a(r) + 5*l(r). Calculate n(-1).
-25
Let z(x) be the second derivative of -x**5/20 - x**4/12 - x**3/2 - x**2 + x. Let c be 61 - 16 - (5 + 4/(-2)). Suppose -38*t - c - 34 = 0. What is z(t)?
8
Let o(n) be the first derivative of 0*n + 28 + 7*n**3 + 1/6*n**4 - 1/40*n**5 + 0*n**2. Let y(c) be the third derivative of o(c). Calculate y(7).
-17
Let q = -5826 - -5820. Let f(h) = -h**3 - 10*h**2 - 21*h. Determine f(q).
-18
Suppose -103 = -6*y + 107. Suppose -u + 2*u = -3*n - 27, 4*n + u = -y. Let b(q) = -q**3 - 9*q**2 - 8*q. Give b(n).
0
Suppose -33 = -3*p + 3*b, -4*b + 0*b - 19 = p. Let g(v) be the first derivative of -3*v**2 + 1. What is g(p)?
-30
Let q(m) = m**3 + 9*m**2 + 32*m + 6. Let d(n) = -2*n - 1. Let y(c) = -9*d(c) - q(c). What is y(-7)?
3
Let s(v) = v**2 - 73*v + 4. Let m(h) = -h**2 + 110*h - 11. Let b(o) = 5*m(o) + 7*s(o). What is b(-20)?
-7
Suppose -4*n + 5*i = 160, -n + 13 = -4*i + 53. Let d be 24/n + (76/10 - 1). Let h(c) = 7*c - 8*c + d*c + 1. Give h(-2).
-9
Let c(w) = -3*w**2 - 3*w. Let b be -5 + (-2 - -2)/(-2). Let m be ((-3)/b)/((-2)/(-10)). Suppose -1 = 2*v + m. Give c(v).
-6
Let i(u) = 2*u**3 + 1. Suppose -5*k + 64 = -k. Suppose -2*n - k = 4*b, -3*b + 18 = -n - 7*b. Let z be (-30)/(-10) + n + -6.